t o(y) = 2*y**3 - 1561*y**2 - 107210*y + 18560. Give o(844).
-8
Let f(u) = -3*u**3 - 746*u**2 + 249*u + 70. Give f(-249).
70
Let w(m) = -331*m - 35254. Calculate w(-112).
1818
Let a(o) = 115*o**2 - 1363*o - 1671. Calculate a(13).
45
Let t(m) = -2*m**3 - 80*m**2 + 676*m + 835. Calculate t(-47).
-11
Let b(m) = 7442*m - 74244. Determine b(10).
176
Let y(g) = -g**2 - 10461*g + 272720. Calculate y(26).
58
Let f(m) = -2*m**3 + 31*m**2 - 90*m - 218. Calculate f(7).
-15
Let d(a) = 30663*a - 889225. Calculate d(29).
2
Let l(r) = 10834*r - 6. Determine l(0).
-6
Let z(r) = -2*r**3 + 32*r**2 + 19*r - 266. What is z(16)?
38
Let o(c) = c**2 + 245*c + 10317. Calculate o(-199).
1163
Let s(v) = -1900*v - 19160. Determine s(-11).
1740
Let s(m) = -18726*m + 18729. Give s(1).
3
Let l(a) = 172*a**2 - 7764*a + 1107. Determine l(45).
27
Let o(t) = 531*t + 242136. Give o(-456).
0
Let m(y) = -y**2 - 99*y + 35332. Give m(145).
-48
Let b(j) = 2*j**3 - 941*j**2 - 1866*j + 657035. Determine b(471).
-10
Let i(a) = -11*a**2 + 1154*a + 106393. Determine i(-59).
16
Let d(o) = -9745*o + 39483. Give d(4).
503
Let p(m) = 2*m**3 - 139*m**2 - 514*m - 5. Give p(73).
-224
Let m(v) = 16*v**3 - 4*v**2 - 61*v - 83. Determine m(-5).
-1878
Let z(x) = -4*x**2 + 991*x - 2604. Calculate z(245).
91
Let s(w) = -2*w**3 + 129*w**2 + 307*w + 1881. Give s(67).
5
Let v(y) = 32911*y + 724041. What is v(-22)?
-1
Let v(i) = 3*i**3 + 5*i**2 + 36*i + 154. What is v(-4)?
-102
Let n(p) = 483*p**2 - 758*p - 18. What is n(2)?
398
Let c(d) = -d**3 - 222*d**2 + 224*d + 304. Determine c(-223).
81
Let c(z) = -4*z**2 - 11*z + 167. Determine c(7).
-106
Let x(j) = -308415*j - 36392966. Calculate x(-118).
4
Let q(a) = -6887*a + 4145968. Determine q(602).
-6
Let s(r) = -169*r**2 + 1172*r + 24. What is s(7)?
-53
Let p(o) = o**3 + 19*o**2 + 25*o - 301. What is p(-6)?
17
Let y(q) = -3*q**2 + 4879*q - 29311. Determine y(6).
-145
Let k(v) = 671*v**2 - 40*v - 1. What is k(-1)?
710
Let z(o) = -4*o**3 + 374*o**2 - 8442*o + 178. What is z(38)?
-50
Let y(z) = -z**3 - 40*z**2 + 2071*z - 15712. What is y(10)?
-2
Let v(p) = 6622*p + 66215. Give v(-10).
-5
Let s(t) = -t**2 + 685*t + 88650. Determine s(-112).
-614
Let x(j) = -20*j - 630. Calculate x(-34).
50
Let i(g) = -131*g**2 - 4853*g - 215. Calculate i(-37).
7
Let a(z) = -z**3 - 15*z**2 + 277*z + 2592. Calculate a(15).
-3
Let p(f) = 49*f - 3120. Determine p(93).
1437
Let z(c) = -5*c**2 - 15*c + 659. Give z(-35).
-4941
Let l(q) = q**3 - 15*q**2 - 6188*q - 36331. Determine l(-6).
41
Let o(u) = -4*u**2 - 191*u + 23725. Give o(-105).
-320
Let x(r) = r**3 - 13*r**2 - 4841*r + 34306. Determine x(7).
125
Let v(q) = -2*q**3 + 1370*q**2 - 1290*q - 53324. What is v(684)?
28
Let r(p) = p**3 - 74*p**2 - 94*p + 2294. Give r(75).
869
Let t(n) = 9*n**2 - 1368*n + 10851. What is t(8)?
483
Let r(h) = -22*h**3 - 135*h**2 + 7*h + 1. Determine r(-6).
-149
Let l(p) = 5*p**2 + 141*p - 2463. What is l(25)?
4187
Let f(j) = 219*j + 453. Determine f(-8).
-1299
Let a(s) = 1957*s**2 + 657550*s - 674. Determine a(-336).
-2
Let y(z) = 2290*z - 85409. Determine y(35).
-5259
Let d(z) = z**2 - 171*z - 4112. Give d(192).
-80
Let b(v) = -2*v**3 + 36*v**2 - 104*v + 1398. Calculate b(17).
208
Let k(n) = 2*n**3 + 283*n**2 - 91*n + 7229. Calculate k(-142).
-13
Let c(o) = -o**3 + 544*o**2 - 8457*o + 4544. What is c(528)?
-208
Let o(y) = -395*y - 3334. Calculate o(-5).
-1359
Let r(g) = -g**3 + 27*g**2 - 14080*g + 365400. Calculate r(26).
-4
Let u(l) = -5*l**2 - 59*l + 74. Determine u(-21).
-892
Let h(g) = 2*g**3 + 135*g**2 + 1482*g + 152. Give h(-11).
-2477
Let k(v) = -17*v**3 - 508*v**2 + 74*v + 488. What is k(-30)?
68
Let y(f) = -282*f**2 + 53577*f + 573. What is y(190)?
3
Let s(p) = -2*p**2 + 3428*p + 298303. Give s(-83).
1
Let c(t) = 59096*t - 2718416. Calculate c(46).
0
Let r(c) = -3997*c - 7872. Determine r(-2).
122
Let m(h) = 18*h**2 - 2953*h + 14511. Calculate m(159).
42
Let r(o) = 3*o**3 - 200*o**2 + 9*o - 5090. What is r(67)?
2
Let z(k) = 17*k**2 - 210*k + 14. Determine z(-3).
797
Let t(j) = j**2 - 134*j - 1124. Calculate t(143).
163
Let v(l) = 5715*l + 45682. Determine v(-8).
-38
Let w(z) = -141*z + 19544. Give w(137).
227
Let p(j) = 764*j**2 - 120689*j - 3630. Determine p(158).
4
Let v(r) = -344*r - 20860. Calculate v(-47).
-4692
Let x(h) = -14491*h + 174062. Give x(12).
170
Let i(u) = -432*u + 131235. Determine i(304).
-93
Let b(d) = 3*d**3 - 480*d**2 - 1967*d - 167. Give b(164).
-3
Let s(b) = 741*b - 10371. Determine s(14).
3
Let u(l) = 4*l**2 + 325*l - 5019. Calculate u(13).
-118
Let v(a) = -a**3 - 24*a**2 + 28755*a - 194. Calculate v(-182).
-12
Let o(r) = -4*r**2 + 256*r - 786. Give o(3).
-54
Let w(o) = -10*o**2 + 630*o - 633. Determine w(62).
-13
Let b(c) = 3291*c**2 - 23034*c + 22. Give b(7).
43
Let k(p) = p**3 + 5*p**2 - 115*p - 242. Give k(-14).
-396
Let a(g) = 3*g**2 + 79062*g - 1028301. Calculate a(13).
12
Let x(d) = -3*d**3 - 105*d**2 - 487*d - 9533. What is x(-33)?
4
Let j(d) = 82250*d - 329008. Calculate j(4).
-8
Let w(x) = 18234*x + 36575. Determine w(-2).
107
Let i(o) = -o**3 - 142*o**2 - 386*o - 24. What is i(0)?
-24
Let r(x) = x**2 - 3314*x - 39766. Calculate r(-12).
146
Let t(s) = s**3 - 26*s**2 + 738*s - 12361. Calculate t(20).
-1
Let p(s) = -87*s - 3042. Determine p(-36).
90
Let u(f) = 18*f**2 - 2550*f + 4155. Calculate u(140).
-45
Let a(f) = -32*f**3 + 353*f**2 - 29*f - 129. What is a(11)?
-327
Let n(j) = -j**3 + 45*j**2 + 2335*j + 1587. Give n(76).
-9
Let c(v) = 2*v**3 + 26*v**2 - 19554*v - 292418. What is c(-15)?
-8
Let z(w) = -66*w + 2462. What is z(50)?
-838
Let j(v) = -155*v**2 - 438*v - 9. Give j(-3).
-90
Let r(q) = 5*q**2 + 595*q - 861. Calculate r(-120).
-261
Let b(w) = w**2 + 154*w - 15764. Calculate b(-221).
-957
Let s(i) = -275*i + 6370. Calculate s(24).
-230
Let l(m) = -3*m**2 + 289*m - 4457. What is l(77)?
9
Let k(d) = d**2 - 193*d - 191. What is k(-7)?
1209
Let l(g) = 556*g - 14905. Give l(27).
107
Let h(w) = 9*w**3 - 18*w**2 - 104*w - 52. Give h(5).
103
Let q(b) = -b**2 + 249*b + 16719. Determine q(304).
-1
Let v(r) = -r**3 - 838*r**2 + 6761*r - 19. What is v(8)?
-75
Let j(w) = w**3 - 23102*w**2 + 92382*w + 42. Give j(4).
2
Let j(r) = r**3 + 31*r**2 - 80*r - 376. Determine j(-27).
4700
Let x(q) = -34*q + 6146. What is x(185)?
-144
Let a(u) = 1649601*u - 8247994. Give a(5).
11
Let o(s) = -s**3 - 43*s**2 + 163*s - 217. Calculate o(-46).
-1367
Let j(c) = 2*c**3 + 97*c**2 - 977*c - 696. Give j(-57).
-240
Let j(f) = 410*f**2 - 16431*f - 15547. Determine j(41).
-8
Let b(z) = -z**2 + 309*z - 10941. Determine b(40).
-181
Let a(w) = -155*w**2 - 4995*w - 1034. Calculate a(-32).
86
Let j(y) = -y**3 + 350*y**2 + 1536*y - 42. What is j(-5)?
1153
Let z(t) = t**2 - 26968*t + 973. Give z(0).
973
Let q(d) = 313068*d - 2191486. Determine q(7).
-10
Let y(t) = 4*t**3 + 345*t**2 - 262*t - 34. Calculate y(-87).
53
Let h(u) = -u**2 - 15*u + 8593. Calculate h(83).
459
Let q(s) = -4*s**2 - 879*s + 12379. Calculate q(-233).
30
Let o(d) = -d**2 - 515781*d + 10831840. What is o(21)?
-2
Let u(m) = 2*m**2 - 131*m + 2561. What is u(53)?
1236
Let b(a) = 1299*a - 15751. Determine b(12).
-163
Let a(n) = -n**3 - 49*n**2 - 427*n + 41. What is a(-16)?
-1575
Let g(o) = -o**3 + 42*o**2 - 463*o - 101. What is g(22)?
-607
Let t(c) = 5*c**2 - 748*c - 75967. Determine t(219).
26
Let a(x) = 8778*x - 70244. Determine a(8).
-20
Let m(o) = -22*o**2 + 1223*o - 576. Determine m(55).
139
Let q(l) = -160*l**2 + 60493*l - 4913. Determine q(378).
1
Let u(d) = 41*d**2 + 8470*d - 8465. Give u(1).
46
Let n(i) = -1038*i + 50766. What is n(50)?
-1134
Let i(x) = 4095*x - 86090. What is i(21)?
-95
Let k(a) = 42*a**2 - 269*a - 537. What is k(8)?
-1
Let c(t) = t**2 + 114*t - 723. Determine c(-121).
124
Let j(m) = 15*m**2 + 185*m - 3359. Calculate j(17).
4121
Let c(k) = -44*k**2 + 221*k + 1897. Determine c(-7).
-1806
Let b(v) = 363228*v - 2905837. Calculate b(8).
-13
Let d(m) = 17*m**2 + 4861*m - 331. Determine d(-286).
-45
Let k(a) = -a**2 - 271*a - 3996. Give k(-255).
84
Let a(v) = v**3 + 19*v**2 - 92*v + 824. Determine a(-25).
-626
Let n(w) = 19*w**3 - 1139*w**2 - 131*w + 4269. Calculate n(60).
9
Let x(b) = -2*b**3 - 70*b**2 - 572*b - 44. Give x(-22).
-44
Let j(t) = -t**3 - 47*t**2 - 145*t - 194. Calculate j(-44).
378
Let 